{"id":24,"date":"2012-04-20T08:14:08","date_gmt":"2012-04-20T08:14:08","guid":{"rendered":"http:\/\/www.hemgb.com\/?page_id=24"},"modified":"2026-01-03T09:24:12","modified_gmt":"2026-01-03T09:24:12","slug":"agenda-des-sorties-2012","status":"publish","type":"page","link":"https:\/\/www.hemgb.com\/?page_id=24","title":{"rendered":"Agenda des sorties 2026"},"content":{"rendered":"\n<p><strong>Janvier<\/strong><\/p>\n\n\n\n<p class=\"has-text-align-left has-black-color has-text-color\">\u266a\u00a0 \u00a0 Assembl\u00e9e g\u00e9n\u00e9rale au foyer de la salle communale de Bellevue le lundi 26 janvier \u00e0 19h15<\/p>\n\n\n\n<p><strong>Avril<\/strong><\/p>\n\n\n\n<p>\u266a\u00a0 \u00a0 Samedi de s\u00e9minaire pour la pr\u00e9paration du concert annuel le 18 avril au local de l\u2019Harmonie<\/p>\n\n\n\n<p>\u266a\u00a0 \u00a0 Samedi de s\u00e9minaire pour la pr\u00e9paration du concert annuel le 25 avril \u00e0 la salle communale de Collex-Bossy<\/p>\n\n\n\n<p><strong>Mai<\/strong><\/p>\n\n\n\n<p>\u266a\u00a0\u00a0\u00a0 F\u00eate villageoise \u00e0 Bellevue le samedi 30 mai. Programme en cours d\u2019\u00e9laboration<\/p>\n\n\n\n<p><strong>Juin<\/strong><\/p>\n\n\n\n<p>\u266a<mark style=\"background-color:rgba(0, 0, 0, 0)\" class=\"has-inline-color has-black-color\">\u00a0\u00a0\u00a0 R\u00e9p\u00e9tition g\u00e9n\u00e9rale le jeudi 4 juin \u00e0 20h00, salle communale de Genthod <\/mark><\/p>\n\n\n\n<p>\u266a\u00a0<mark style=\"background-color:rgba(0, 0, 0, 0);color:#a30003\" class=\"has-inline-color\">\u00a0\u00a0 <\/mark>Concert annuel le vendredi 5 juin \u00e0 partir de 20h00, salle communale de Genthod<\/p>\n\n\n\n<p>\u266a\u00a0<mark style=\"background-color:rgba(0, 0, 0, 0);color:#a30003\" class=\"has-inline-color\">\u00a0\u00a0 <\/mark>Promotion \u00e0 Bellevue le vendredi 26 juin \u00e0 partir de 18h00<\/p>\n\n\n\n<p>\u266a\u00a0\u00a0\u00a0Promotion \u00e0 Pregny-Chamb\u00e9sy le samedi 27 juin partir de 15h00 (\u00e0 confirmer)<\/p>\n\n\n\n<p><strong>Ao\u00fbt<\/strong><\/p>\n\n\n\n<p>\u266a\u00a0\u00a0\u00a0\u00a0 <mark style=\"background-color:rgba(0, 0, 0, 0)\" class=\"has-inline-color has-black-color\">F\u00eate du 1er ao\u00fbt \u00e0 Collex-Bossy le 31 juillet \u00e0 partir de 18h00<\/mark><\/p>\n\n\n\n<p>\u266a\u00a0\u00a0\u00a0\u00a0 <mark style=\"background-color:rgba(0, 0, 0, 0)\" class=\"has-inline-color has-black-color\">F\u00eate du 1er ao\u00fbt \u00e0 Bellevue \u00e0 partir de 18h00<\/mark><\/p>\n\n\n\n<p><strong>Septembre<\/strong><\/p>\n\n\n\n<p>\u266a\u00a0\u00a0\u00a0\u00a0250<sup>\u00e8me<\/sup> anniversaire de la compagnie des sapeurs-pompiers de Genthod le samedi 19 septembre. Programme en cours d\u2019\u00e9laboration<\/p>\n\n\n\n<p><strong><strong>D\u00e9cembre<\/strong><\/strong><\/p>\n\n\n\n<p>\u266a&nbsp;&nbsp;&nbsp;&nbsp; D\u00e9fil\u00e9 de l\u2019escalade \u00e0 Bellevue<\/p>\n","protected":false},"excerpt":{"rendered":"<p>Janvier \u266a\u00a0 \u00a0 Assembl\u00e9e g\u00e9n\u00e9rale au foyer de la salle communale de Bellevue le lundi 26 janvier \u00e0 19h15 Avril \u266a\u00a0 \u00a0 Samedi de s\u00e9minaire pour la pr\u00e9paration du concert annuel le 18 avril au local de l\u2019Harmonie \u266a\u00a0 \u00a0 &hellip; <a href=\"https:\/\/www.hemgb.com\/?page_id=24\">Continuer la lecture <span class=\"meta-nav\">&rarr;<\/span><\/a><\/p>\n","protected":false},"author":1,"featured_media":0,"parent":0,"menu_order":0,"comment_status":"closed","ping_status":"closed","template":"","meta":{"footnotes":""},"class_list":["post-24","page","type-page","status-publish","hentry"],"_links":{"self":[{"href":"https:\/\/www.hemgb.com\/index.php?rest_route=\/wp\/v2\/pages\/24","targetHints":{"allow":["GET"]}}],"collection":[{"href":"https:\/\/www.hemgb.com\/index.php?rest_route=\/wp\/v2\/pages"}],"about":[{"href":"https:\/\/www.hemgb.com\/index.php?rest_route=\/wp\/v2\/types\/page"}],"author":[{"embeddable":true,"href":"https:\/\/www.hemgb.com\/index.php?rest_route=\/wp\/v2\/users\/1"}],"replies":[{"embeddable":true,"href":"https:\/\/www.hemgb.com\/index.php?rest_route=%2Fwp%2Fv2%2Fcomments&post=24"}],"version-history":[{"count":73,"href":"https:\/\/www.hemgb.com\/index.php?rest_route=\/wp\/v2\/pages\/24\/revisions"}],"predecessor-version":[{"id":2107,"href":"https:\/\/www.hemgb.com\/index.php?rest_route=\/wp\/v2\/pages\/24\/revisions\/2107"}],"wp:attachment":[{"href":"https:\/\/www.hemgb.com\/index.php?rest_route=%2Fwp%2Fv2%2Fmedia&parent=24"}],"curies":[{"name":"wp","href":"https:\/\/api.w.org\/{rel}","templated":true}]}}

<p><strong>Janvier</strong></p>



<p class="has-text-align-left has-black-color has-text-color">♪    Assemblée générale au foyer de la salle communale de Bellevue le lundi 26 janvier à 19h15</p>



<p><strong>Avril</strong></p>



<p>♪    Samedi de séminaire pour la préparation du concert annuel le 18 avril au local de l’Harmonie</p>



<p>♪    Samedi de séminaire pour la préparation du concert annuel le 25 avril à la salle communale de Collex-Bossy</p>



<p><strong>Mai</strong></p>



<p>♪    Fête villageoise à Bellevue le samedi 30 mai. Programme en cours d’élaboration</p>



<p><strong>Juin</strong></p>



<p>♪<mark style="background-color:rgba(0, 0, 0, 0)" class="has-inline-color has-black-color">    Répétition générale le jeudi 4 juin à 20h00, salle communale de Genthod </mark></p>



<p>♪ <mark style="background-color:rgba(0, 0, 0, 0);color:#a30003" class="has-inline-color">   </mark>Concert annuel le vendredi 5 juin à partir de 20h00, salle communale de Genthod</p>



<p>♪ <mark style="background-color:rgba(0, 0, 0, 0);color:#a30003" class="has-inline-color">   </mark>Promotion à Bellevue le vendredi 26 juin à partir de 18h00</p>



<p>♪   Promotion à Pregny-Chambésy le samedi 27 juin partir de 15h00 (à confirmer)</p>



<p><strong>Août</strong></p>



<p>♪     <mark style="background-color:rgba(0, 0, 0, 0)" class="has-inline-color has-black-color">Fête du 1er août à Collex-Bossy le 31 juillet à partir de 18h00</mark></p>



<p>♪     <mark style="background-color:rgba(0, 0, 0, 0)" class="has-inline-color has-black-color">Fête du 1er août à Bellevue à partir de 18h00</mark></p>



<p><strong>Septembre</strong></p>



<p>♪    250<sup>ème</sup> anniversaire de la compagnie des sapeurs-pompiers de Genthod le samedi 19 septembre. Programme en cours d’élaboration</p>



<p><strong><strong>Décembre</strong></strong></p>



<p>♪&nbsp;&nbsp;&nbsp;&nbsp; Défilé de l’escalade à Bellevue</p>

<p>Janvier ♪    Assemblée générale au foyer de la salle communale de Bellevue le lundi 26 janvier à 19h15 Avril ♪    Samedi de séminaire pour la préparation du concert annuel le 18 avril au local de l’Harmonie ♪    &hellip; <a href="https://www.hemgb.com/?page_id=24">Continuer la lecture <span class="meta-nav">&rarr;</span></a></p>
